{"id":43,"date":"2017-03-30T19:41:19","date_gmt":"2017-03-30T19:41:19","guid":{"rendered":"http:\/\/casacacheiras.es\/?page_id=43"},"modified":"2017-05-01T10:39:32","modified_gmt":"2017-05-01T10:39:32","slug":"contacto","status":"publish","type":"page","link":"https:\/\/casacacheiras.es\/?page_id=43","title":{"rendered":"Contacto"},"content":{"rendered":"<p>[et_pb_section bb_built=\u00bb1&#8243; admin_label=\u00bbsection\u00bb background_color=\u00bb#6aceb6&#8243; inner_shadow=\u00bbon\u00bb fullwidth=\u00bbon\u00bb background_image=\u00bbhttp:\/\/casacacheiras.es\/wp-content\/uploads\/2017\/04\/20160922_203317-1.jpg\u00bb transparent_background=\u00bbon\u00bb allow_player_pause=\u00bboff\u00bb parallax=\u00bboff\u00bb parallax_method=\u00bbon\u00bb make_fullwidth=\u00bboff\u00bb use_custom_width=\u00bboff\u00bb width_unit=\u00bbon\u00bb make_equal=\u00bboff\u00bb use_custom_gutter=\u00bboff\u00bb][et_pb_fullwidth_header admin_label=\u00bbT\u00edtulo de anchura completa\u00bb title=\u00bbContacto\u00bb subhead=\u00bbResuelve tus dudas\u00bb background_layout=\u00bbdark\u00bb text_orientation=\u00bbleft\u00bb header_fullscreen=\u00bboff\u00bb header_scroll_down=\u00bboff\u00bb parallax=\u00bboff\u00bb parallax_method=\u00bboff\u00bb content_orientation=\u00bbcenter\u00bb image_orientation=\u00bbcenter\u00bb custom_button_one=\u00bboff\u00bb button_one_letter_spacing=\u00bb0&#8243; button_one_use_icon=\u00bbdefault\u00bb button_one_icon_placement=\u00bbright\u00bb button_one_on_hover=\u00bbon\u00bb button_one_letter_spacing_hover=\u00bb0&#8243; custom_button_two=\u00bboff\u00bb button_two_letter_spacing=\u00bb0&#8243; button_two_use_icon=\u00bbdefault\u00bb button_two_icon_placement=\u00bbright\u00bb button_two_on_hover=\u00bbon\u00bb button_two_letter_spacing_hover=\u00bb0&#8243; \/][\/et_pb_section][et_pb_section bb_built=\u00bb1&#8243; admin_label=\u00bbsection\u00bb fullwidth=\u00bboff\u00bb][et_pb_row admin_label=\u00bbrow\u00bb][et_pb_column type=\u00bb2_3&#8243;][et_pb_contact_form admin_label=\u00bbContact Form\u00bb captcha=\u00bbon\u00bb title=\u00bbContacta con nosotros\u00bb email=\u00bbcontacto@casacacheiras.es\u00bb use_redirect=\u00bboff\u00bb success_message=\u00bbGracias por ponerse en contacto con nosotros\u00bb input_border_radius=\u00bb0&#8243; use_border_color=\u00bboff\u00bb border_color=\u00bb#ffffff\u00bb border_style=\u00bbsolid\u00bb custom_button=\u00bboff\u00bb button_letter_spacing=\u00bb0&#8243; button_use_icon=\u00bbdefault\u00bb button_icon_placement=\u00bbright\u00bb button_on_hover=\u00bbon\u00bb button_letter_spacing_hover=\u00bb0&#8243; custom_message=\u00bbRemitente: %%Name%%<br \/>\nE-Mail: %%Email%%<br \/>\nMensaje: %%Message%%<br \/>\n\u00ab] [et_pb_contact_field field_title=\u00bbNombre\u00bb field_type=\u00bbinput\u00bb field_id=\u00bbName\u00bb required_mark=\u00bbon\u00bb fullwidth_field=\u00bboff\u00bb \/][et_pb_contact_field field_title=\u00bbDirecci\u00f3n de correo electr\u00f3nico\u00bb field_type=\u00bbemail\u00bb field_id=\u00bbEmail\u00bb required_mark=\u00bbon\u00bb fullwidth_field=\u00bboff\u00bb \/][et_pb_contact_field field_title=\u00bbMensaje\u00bb field_type=\u00bbtext\u00bb field_id=\u00bbMessage\u00bb required_mark=\u00bbon\u00bb fullwidth_field=\u00bbon\u00bb \/] [\/et_pb_contact_form][\/et_pb_column][et_pb_column type=\u00bb1_3&#8243;][et_pb_text admin_label=\u00bbText\u00bb background_layout=\u00bblight\u00bb text_orientation=\u00bbleft\u00bb use_border_color=\u00bboff\u00bb border_color=\u00bb#ffffff\u00bb border_style=\u00bbsolid\u00bb]<\/p>\n<h3>M\u00e1s Informaci\u00f3n<\/h3>\n<p>Estaremos encantados de contestar cualquier duda que tenga o facilitarle todo la informaci\u00f3n que necesite, para ello puede utilizar el formulario anexo, el tel\u00e9fono o el e-mail.<\/p>\n<p><strong>Direcci\u00f3n:<\/strong>\u00a0Lugar de Constenla, n\u00ba22, Cacheiras<br \/>\n15886 &#8211; Teo | A Coru\u00f1a | Galicia | Espa\u00f1a<\/p>\n<p><strong>E-Mail:<\/strong>\u00a0<a href=\"mailto:info@casacacheiras.es\">info@casacacheiras.es<\/a><\/p>\n<p><strong>Tel\u00e9fono:<\/strong>\u00a0+34 689\u00a000\u00a049\u00a086<\/p>\n<p>[\/et_pb_text][\/et_pb_column][\/et_pb_row][\/et_pb_section][et_pb_section bb_built=\u00bb1&#8243; admin_label=\u00bbsection\u00bb fullwidth=\u00bbon\u00bb specialty=\u00bboff\u00bb][et_pb_fullwidth_map admin_label=\u00bbFullwidth Map\u00bb zoom_level=\u00bb9&#8243; address_lat=\u00bb37.77492949999972&#8243; address_lng=\u00bb-122.41941550000001&#8243; mouse_wheel=\u00bbon\u00bb mobile_dragging=\u00bbon\u00bb \/][\/et_pb_section]<\/p>\n","protected":false},"excerpt":{"rendered":"<p>M\u00e1s Informaci\u00f3n Estaremos encantados de contestar cualquier duda que tenga o facilitarle todo la informaci\u00f3n que necesite, para ello puede utilizar el formulario anexo, el tel\u00e9fono o el e-mail. Direcci\u00f3n:\u00a0Lugar de Constenla, n\u00ba22, Cacheiras 15886 &#8211; Teo | A Coru\u00f1a | Galicia | Espa\u00f1a E-Mail:\u00a0info@casacacheiras.es Tel\u00e9fono:\u00a0+34 689\u00a000\u00a049\u00a086<\/p>\n","protected":false},"author":1,"featured_media":0,"parent":0,"menu_order":0,"comment_status":"closed","ping_status":"open","template":"","meta":{"_et_pb_use_builder":"on","_et_pb_old_content":"","_et_gb_content_width":"","ngg_post_thumbnail":0,"footnotes":""},"class_list":["post-43","page","type-page","status-publish","hentry"],"_links":{"self":[{"href":"https:\/\/casacacheiras.es\/index.php?rest_route=\/wp\/v2\/pages\/43","targetHints":{"allow":["GET"]}}],"collection":[{"href":"https:\/\/casacacheiras.es\/index.php?rest_route=\/wp\/v2\/pages"}],"about":[{"href":"https:\/\/casacacheiras.es\/index.php?rest_route=\/wp\/v2\/types\/page"}],"author":[{"embeddable":true,"href":"https:\/\/casacacheiras.es\/index.php?rest_route=\/wp\/v2\/users\/1"}],"replies":[{"embeddable":true,"href":"https:\/\/casacacheiras.es\/index.php?rest_route=%2Fwp%2Fv2%2Fcomments&post=43"}],"version-history":[{"count":11,"href":"https:\/\/casacacheiras.es\/index.php?rest_route=\/wp\/v2\/pages\/43\/revisions"}],"predecessor-version":[{"id":217,"href":"https:\/\/casacacheiras.es\/index.php?rest_route=\/wp\/v2\/pages\/43\/revisions\/217"}],"wp:attachment":[{"href":"https:\/\/casacacheiras.es\/index.php?rest_route=%2Fwp%2Fv2%2Fmedia&parent=43"}],"curies":[{"name":"wp","href":"https:\/\/api.w.org\/{rel}","templated":true}]}}